{"id":1367,"date":"2016-02-12T08:13:22","date_gmt":"2016-02-12T08:13:22","guid":{"rendered":"http:\/\/demos.famethemes.com\/onepress\/?page_id=25"},"modified":"2020-10-04T10:18:17","modified_gmt":"2020-10-04T08:18:17","slug":"dla-gospodarstwa","status":"publish","type":"page","link":"http:\/\/astra-ag.eu\/index.php\/dla-gospodarstwa\/","title":{"rendered":"Dla gospodarstwa rolnego"},"content":{"rendered":"<h5>Wsp\u00f3lnie z Inwestorem ocenimy, jaki system b\u0119dzie dla Niego najkorzystniejszy. <!--more--><\/h5>\n<h5><img loading=\"lazy\" class=\"aligncenter wp-image-1633 size-full\" src=\"http:\/\/astra-ag.eu\/wp-content\/uploads\/2020\/09\/CAFB980F-6BAC-4F65-9BA5-84B698759CC5.jpeg\" alt=\"\" width=\"1500\" height=\"998\" srcset=\"http:\/\/astra-ag.eu\/wp-content\/uploads\/2020\/09\/CAFB980F-6BAC-4F65-9BA5-84B698759CC5.jpeg 1500w, http:\/\/astra-ag.eu\/wp-content\/uploads\/2020\/09\/CAFB980F-6BAC-4F65-9BA5-84B698759CC5-300x200.jpeg 300w, http:\/\/astra-ag.eu\/wp-content\/uploads\/2020\/09\/CAFB980F-6BAC-4F65-9BA5-84B698759CC5-768x511.jpeg 768w, http:\/\/astra-ag.eu\/wp-content\/uploads\/2020\/09\/CAFB980F-6BAC-4F65-9BA5-84B698759CC5-1024x681.jpeg 1024w\" sizes=\"(max-width: 1500px) 100vw, 1500px\" \/><\/h5>\n<h5>Zrobimy to przechodz\u0105c razem przez nast\u0119puj\u0105ce etapy:<\/h5>\n<ul>\n<li>Analiza profilu zu\u017cycia energii<\/li>\n<li>Koncepcja systemu<\/li>\n<li>Studium wykonalno\u015bci<\/li>\n<li>Dokumentacja projektowa<\/li>\n<li>Dostawa i monta\u017c<\/li>\n<li>Uruchomienie i w\u0142\u0105czenie do sieci<\/li>\n<\/ul>\n<div><\/div>\n<div>Gospodarstwo rolne to \u017cywy organizm. Tutaj nie ma miejsca na eksperymenty. Dlatego wa\u017cne jest wsp\u00f3lne planowanie w tandemie Inwestor &#8211; Wykonawca. Doradzimy jak dobra\u0107 do specyfiki produkcji odpowiedni\u0105 wielko\u015b\u0107, rodzaj instalacji oraz jak zarz\u0105dza\u0107 nadwy\u017ckami energii.<\/div>\n<div><\/div>\n","protected":false},"excerpt":{"rendered":"<p>Morbi in sem quis dui placerat ornare. Pellentesque odio nisi euismod in pharetra a ultricies.<\/p>\n","protected":false},"author":2,"featured_media":1633,"parent":0,"menu_order":0,"comment_status":"closed","ping_status":"closed","template":"","meta":[],"_links":{"self":[{"href":"http:\/\/astra-ag.eu\/index.php\/wp-json\/wp\/v2\/pages\/1367"}],"collection":[{"href":"http:\/\/astra-ag.eu\/index.php\/wp-json\/wp\/v2\/pages"}],"about":[{"href":"http:\/\/astra-ag.eu\/index.php\/wp-json\/wp\/v2\/types\/page"}],"author":[{"embeddable":true,"href":"http:\/\/astra-ag.eu\/index.php\/wp-json\/wp\/v2\/users\/2"}],"replies":[{"embeddable":true,"href":"http:\/\/astra-ag.eu\/index.php\/wp-json\/wp\/v2\/comments?post=1367"}],"version-history":[{"count":11,"href":"http:\/\/astra-ag.eu\/index.php\/wp-json\/wp\/v2\/pages\/1367\/revisions"}],"predecessor-version":[{"id":1654,"href":"http:\/\/astra-ag.eu\/index.php\/wp-json\/wp\/v2\/pages\/1367\/revisions\/1654"}],"wp:featuredmedia":[{"embeddable":true,"href":"http:\/\/astra-ag.eu\/index.php\/wp-json\/wp\/v2\/media\/1633"}],"wp:attachment":[{"href":"http:\/\/astra-ag.eu\/index.php\/wp-json\/wp\/v2\/media?parent=1367"}],"curies":[{"name":"wp","href":"https:\/\/api.w.org\/{rel}","templated":true}]}}